culate the greatest common factor of 1386476 and 167986.
2366
Calculate the highest common factor of 73585708 and 1596.
532
What is the highest common divisor of 4307554 and 316?
158
What is the highest common factor of 1298560 and 64?
64
Calculate the greatest common factor of 1950 and 219125.
25
What is the highest common factor of 21048486 and 30562?
4366
Calculate the highest common factor of 510265562 and 538.
538
What is the greatest common factor of 1333 and 7534073?
43
Calculate the greatest common divisor of 3553 and 2974507.
323
What is the greatest common divisor of 360 and 25084040?
40
Calculate the highest common factor of 354397707 and 597.
597
What is the greatest common divisor of 54 and 16823673?
27
Calculate the highest common factor of 922 and 4437205214.
922
What is the highest common divisor of 672145287 and 1593?
177
Calculate the greatest common factor of 3561804 and 828.
36
Calculate the greatest common divisor of 18 and 27472455.
9
Calculate the highest common divisor of 65619 and 842903.
317
What is the highest common factor of 10 and 940840190?
10
Calculate the highest common divisor of 6853 and 100023.
77
What is the greatest common divisor of 21053855 and 590?
295
Calculate the highest common factor of 264 and 49324440.
264
What is the greatest common divisor of 21780 and 34790580?
1980
Calculate the greatest common factor of 12645430 and 21670.
1970
Calculate the highest common divisor of 10439338 and 819.
91
What is the greatest common factor of 301733584 and 5570?
1114
Calculate the greatest common factor of 1238 and 30241864.
1238
What is the greatest common divisor of 824 and 1811328?
8
Calculate the greatest common divisor of 38558 and 54992606.
2966
Calculate the greatest common factor of 78 and 201547.
1
What is the highest common factor of 205466 and 2888?
38
Calculate the greatest common divisor of 1252780628 and 28149.
9383
What is the highest common divisor of 6106 and 5898052?
86
Calculate the greatest common factor of 1807015 and 19278.
119
What is the greatest common factor of 5741420 and 899?
29
What is the highest common factor of 119 and 3298?
17
What is the highest common divisor of 1451636534 and 422?
422
Calculate the highest common divisor of 600 and 37304010.
30
Calculate the greatest common divisor of 112 and 6927392.
16
What is the highest common divisor of 2076 and 92646690?
1038
What is the highest common factor of 24519 and 290004?
33
What is the greatest common divisor of 473 and 9405691?
43
Calculate the greatest common divisor of 248 and 2404264.
8
Calculate the greatest common divisor of 152803973 and 65688.
2737
What is the highest common factor of 331 and 63609263?
331
What is the greatest common divisor of 21 and 201191613?
21
What is the greatest common factor of 391866 and 69408?
1446
Calculate the highest common factor of 530040 and 70.
70
Calculate the highest common divisor of 96170360 and 68.
68
What is the highest common factor of 711 and 46743984?
711
What is the greatest common factor of 10572 and 211824?
12
What is the greatest common factor of 165977 and 35295?
181
Calculate the highest common factor of 28 and 22834378.
14
Calculate the highest common factor of 737775453 and 19.
19
Calculate the greatest common divisor of 2499045 and 285.
15
What is the greatest common divisor of 126743960 and 70?
70
What is the greatest common divisor of 736102 and 4?
2
What is the greatest common factor of 131390 and 217630?
70
Calculate the greatest common factor of 28 and 52870678.
14
Calculate the highest common divisor of 205739 and 673137.
233
What is the highest common factor of 4585703918 and 1171?
1171
What is the greatest common factor of 13556 and 2667143?
3389
Calculate the greatest common factor of 10393 and 32560175.
547
Calculate the highest common divisor of 4901907 and 27351.
3039
What is the greatest common divisor of 3789 and 73075917?
1263
Calculate the highest common factor of 95077 and 23591.
31
What is the greatest common divisor of 2136322 and 1904?
34
Calculate the greatest common divisor of 72415524 and 358.
358
What is the greatest common divisor of 732787 and 1474?
11
What is the greatest common factor of 43 and 365328?
43
Calculate the greatest common factor of 10203 and 25442881.
3401
What is the highest common factor of 17727 and 171?
57
Calculate the greatest common factor of 13 and 880983038.
13
What is the greatest common factor of 5923710 and 7800?
390
What is the greatest common factor of 2 and 2856778?
2
What is the greatest common factor of 3629387 and 60791?
1643
Calculate the highest common factor of 3301034 and 10896.
454
Calculate the highest common divisor of 125 and 887518550.
25
What is the highest common divisor of 618 and 8080762?
206
Calculate the greatest common factor of 1170664 and 5830.
1166
What is the greatest common divisor of 2332 and 2943116?
44
What is the highest common factor of 2153645 and 143?
13
Calculate the highest common divisor of 4644 and 540846.
18
Calculate the highest common divisor of 616616 and 2593448.
1144
What is the highest common factor of 1357 and 213371?
23
Calculate the greatest common divisor of 94025 and 4525.
25
Calculate the highest common divisor of 1171800 and 319032.
1512
Calculate the highest common factor of 1024 and 2596864.
1024
Calculate the highest common divisor of 82933096 and 3912.
1304
What is the highest common factor of 3218050 and 15950?
550
What is the greatest common factor of 214 and 62653743?
107
What is the greatest common divisor of 93891316 and 88388?
4652
Calculate the highest common factor of 18762664 and 66447.
2461
What is the highest common factor of 17287326 and 567?
63
What is the highest common factor of 198 and 24045648?
66
Calculate the highest common factor of 602 and 207862.
86
What is the highest common divisor of 31105 and 103265?
5
Calculate the highest common divisor of 45998 and 9054854.
422
What is the greatest common divisor of 665 and 7433370?
665
What is the greatest common factor of 352856 and 10808?
56
What is the greatest common divisor of 77 and 380681?
7
What is the highest common factor of 31479597 and 216?
27
Calculate the greatest common factor of 3136 and 2357292.
196
What is the greatest common factor of 108055792 and 208?
208
Calculate the highest common divisor of 6714 and 119304.
18
What is the greatest common divisor of 246 and 79350?
6
Calculate the highest common divisor of 22331601 and 11259.
1251
Calculate the greatest common divisor of 2486 and 7596538.
226
Calculate the highest common divisor of 73 and 1320358446.
73
Calculate the highest common divisor of 59808414 and 1292.
34
Calculate the greatest common divisor of 24024724 and 52.
4
Calculate the highest common factor of 76 and 18515861.
19
What is the greatest common divisor of 33479218 and 862?
862
Calculate the greatest common divisor of 141 and 709146387.
141
Calculate the highest common divisor of 34260 and 325524.
12
What is the highest common factor of 1395 and 22743243?
279
What is the highest common divisor of 703540 and 9193?
29
What is the highest common divisor of 558655288 and 3736?
3736
Calculate the greatest common factor of 66709520 and 40.
40
What is the highest common factor of 9332658 and 1110?
222
Calculate the highest common factor of 26289419 and 52.
13
What is the highest common divisor of 108 and 3302931?
3
What is the highest common divisor of 5598 and 8034374?
622
Calculate the greatest common factor of 442860 and 3165965.
605
What is the greatest common divisor of 2529906 and 32946?
1734
Calculate the greatest common divisor of 49533583 and 2603.
137
What is the greatest common divisor of 120 and 237810?
30
Calculate the greatest common factor of 34 and 218156.
2
What is the greatest common factor of 76207969 and 232?
29
What is the greatest common factor of 1710 and 2078406?
18
Calculate the greatest common divisor of 4029585 and 1141.
7
Calculate the highest common factor of 87663712 and 80.
16
What is the greatest common factor of 38515 and 315?
5
Calculate the greatest common divisor of 812 and 101969.
7
Calculate the greatest common divisor of 1816044 and 156.
12
Calculate the highest common factor of 191522 and 6794.
86
What is the highest common f